7 a prime number?
False
Is 33703 composite?
False
Is 2440985 prime?
False
Is 19123 composite?
True
Is 3415 a prime number?
False
Is 247183 prime?
True
Is 1117 prime?
True
Is 326939 prime?
True
Is 92269 composite?
False
Is 45389 composite?
False
Is 115293 composite?
True
Is 2787 a prime number?
False
Is 161 prime?
False
Is 3828089 composite?
True
Is 167201 composite?
True
Is 14107 a prime number?
True
Is 8791 composite?
True
Is 613 a composite number?
False
Is 83749 composite?
True
Is 78341 a prime number?
True
Is 1239527 a composite number?
True
Is 208037 a prime number?
True
Is 9055 prime?
False
Is 204629 prime?
False
Is 508615 prime?
False
Is 278671 a prime number?
True
Is 87229 a composite number?
True
Is 280673 composite?
False
Is 107131 a prime number?
False
Is 127109 composite?
True
Is 102801 prime?
False
Is 6833 a prime number?
True
Is 62993 a prime number?
False
Is 62753 a composite number?
False
Is 6511 composite?
True
Is 108753 prime?
False
Is 57503 prime?
True
Is 62411 a composite number?
True
Is 9655 a composite number?
True
Is 260317 prime?
True
Is 224291 a prime number?
True
Is 13669 a prime number?
True
Is 35863 a composite number?
False
Is 32989 composite?
True
Is 12781 a prime number?
True
Is 342469 composite?
False
Is 438377 prime?
True
Is 39761 a prime number?
True
Is 11357 composite?
True
Is 225035 a composite number?
True
Is 474055 a prime number?
False
Is 384277 a composite number?
False
Is 554969 a composite number?
False
Is 10713 a prime number?
False
Is 1523 a composite number?
False
Is 122563 a prime number?
False
Is 65515 a prime number?
False
Is 9829 a prime number?
True
Is 237109 a composite number?
True
Is 86627 prime?
True
Is 2533 a composite number?
True
Is 27059 prime?
True
Is 20714 composite?
True
Is 1239761 a prime number?
True
Is 8903 a composite number?
True
Is 29381 a composite number?
True
Is 79951 a composite number?
True
Is 3418 a prime number?
False
Is 11863 composite?
False
Is 780667 composite?
False
Is 1861213 a prime number?
False
Is 4171 a prime number?
False
Is 454433 a composite number?
True
Is 142473 composite?
True
Is 203629 prime?
False
Is 17337 prime?
False
Is 59207 prime?
True
Is 29231 a prime number?
True
Is 859109 a prime number?
True
Is 28151 a composite number?
False
Is 1361 a prime number?
True
Is 56263 composite?
False
Is 23977 a composite number?
False
Is 95197 a prime number?
False
Is 33001 prime?
False
Is 573689 composite?
True
Is 543379 prime?
True
Is 3425189 a prime number?
True
Is 1789381 composite?
True
Is 47939 composite?
False
Is 2918 prime?
False
Is 143699 a composite number?
False
Is 10589 a composite number?
False
Is 105601 a prime number?
True
Is 13669 a composite number?
False
Is 3314631 a prime number?
False
Is 1057739 a composite number?
False
Is 65969 a composite number?
True
Is 73999 a prime number?
True
Is 3894523 a prime number?
True
Is 223 prime?
True
Is 136558 a prime number?
False
Is 537905 composite?
True
Is 66617 a prime number?
True
Is 818833 composite?
True
Is 2901226 a composite number?
True
Is 1949 composite?
False
Is 9511 prime?
True
Is 6296271 prime?
False
Is 33665 a prime number?
False
Is 77951 composite?
False
Is 9518 prime?
False
Is 16381 prime?
True
Is 3251 a prime number?
True
Is 496311 a prime number?
False
Is 56263 composite?
False
Is 138441 a prime number?
False
Is 400019 prime?
False
Is 16249 a composite number?
False
Is 38741 a composite number?
True
Is 96409 composite?
True
Is 38473 prime?
False
Is 1657 prime?
True
Is 633 a composite number?
True
Is 2034759 composite?
True
Is 37087 prime?
True
Is 233069 a composite number?
False
Is 66457 composite?
False
Is 1203347 prime?
False
Is 625949 a composite number?
True
Is 597757 a composite number?
False
Is 50009 a prime number?
False
Is 62518 a prime number?
False
Is 89959 a composite number?
False
Is 110111 composite?
True
Is 17159 a prime number?
True
Is 649 composite?
True
Is 340201 a composite number?
False
Is 347135 prime?
False
Is 2101 prime?
False
Is 36779 a composite number?
False
Is 290923 a composite number?
False
Is 2243 composite?
False
Is 108649 a composite number?
False
Is 488939 a composite number?
True
Is 8851 prime?
False
Is 64373 composite?
False
Is 71129 prime?
True
Is 7993 prime?
True
Is 20499 a prime number?
False
Is 27667 prime?
False
Is 76039 prime?
True
Is 3882431 composite?
True
Is 12007 a prime number?
True
Is 85559 composite?
True
Is 438781 prime?
False
Is 5077 a prime number?
True
Is 453361 prime?
False
Is 230267 a prime number?
False
Is 20611 a composite number?
False
Is 114431 a composite number?
True
Is 100691 a prime number?
False
Is 9307 composite?
True
Is 258233 a prime number?
True
Is 64445 composite?
True
Is 7451 composite?
False
Is 17693 a prime number?
False
Is 98053 a composite number?
True
Is 2203 a composite number?
False
Is 63697 composite?
False
Is 409 a prime number?
True
Is 22 a composite number?
True
Is 27409 a prime number?
True
Is 86369 a composite number?
False
Is 1553653 a composite number?
False
Is 38983 prime?
False
Is 1154267 a composite number?
False
Is 872317 a prime number?
True
Is 2833 composite?
False
Is 721177 a prime number?
True
Is 6746 a composite number?
True
Is 13231 a composite number?
True
Is 57037 a composite number?
False
Is 594709 composite?
False
Is 9571 a composite number?
True
Is 63331 composite?
False
Is 12361 a composite number?
True
Is 147377 prime?
True
Is 194654 composite?
True
Is 247901 prime?
True
Is 5969 a prime number?
False
Is 39279 a composite number?
True
Is 594839 a prime number?
False
Is 341779 a prime number?
False
Is 409179 prime?
False
Is 9862 a composite number?
True
Is 690187 a composite number?
False
Is 715679 a composite number?
False
Is 5703 prime?
False
Is 17165 prime?
False
Is 99661 a prime number?
True
Is 1386047 composite?
True
Is 56177 prime?
False
Is 10079 a prime number?
True
Is 26671 prime?
False
Is 21005 composite?
True
Is 2537333 prime?
False
Is 50249 composite?
True
Is 161437 a composite number?
True
Is 810871 composite?
False
Is 26393 a composite number?
False
Is 358 prime?
False
Is 910123 composite?
True
Is 234829 prime?
False
Is 57269 composite?
False
Is 800561 composite?
True
Is 154201 prime?
False
Is 302399 a prime number?
True
Is 143137 a composite number?
False
Is 4393 a prime number?
False
Is 27605 composite?
True
Is 178617 composite?
True
Is 55877 a composite number?
True
Is 1308227 a composite number?
True
Is 1123937 composite?
True
Is 16751 a composite number?
True
Is 318893 a prime number?
False
Is 16953 prime?
False
Is 501 composite?
True
Is 5623 a prime number?
True
Is 19291 prime?
False
Is 321173 prime?
False
Is 1007 a prime number?
False
Is 124739 a composite number?
False
Is 5779 composite?
False
Is 23327 a prime number?
True
Is 16331 a composite number?
True
Is 51886 prime?
False
Is 104453 composite?
True
Is 16277 a composite number?
True
Is 62255 composite?
True
Is 41687 a composite number?
False
Is 17165 prime?
False
Is 16571 a prime number?
False
Is 39929 prime?
True
Is 351653 a prime number?
True
Is 66643 composite?
False
Is 36826 a composite number?
True
Is 50239 prime?
False
Is 108541 a composite number?
False
Is 339413 composite?
False
Is 5701 prime?
True
Is 901 composite?
True
Is 1037 a composite number?
True
Is 14902 a prime number?
False
Is 15389 composite?
True
Is 34421 composite?
False
Is 109661 a composite number?
False
Is 1813459 composite?
False
Is 2531 prime?
True
Is 683777 a prime number?
True
Is 559 prime?
False
Is 234109 a prime number?
False
Is 488831 composite?
True
Is 86761 a prime number?
False
Is 5571391 prime?
False
Is 3514073 prime?
True
Is 49597 a composite number?
False
Is 2568541 a prime number?
True
Is 2813 a prime number?
False
Is 15719 composite?
True
Is 269 composite?
False
Is 55763 a composite number?
False
Is 2897 prime?
True
Is 126833 a prime number?
False
Is 99251 prime?
True
Is 1139419 composite?
True
Is 30757 a composite number?
False
Is 15401 prime?
True
Is 180617 prime?
True
Is 8203 prime?
False
Is 138691 composite?
True
Is 4043 a composite number?
True
Is 1937 prime?
False
Is 5294 a prime number?
False
Is 125777 composite?
False
Is 18721 composite?
True
Is 73589 prime?
True
Is 421307 composite?
True
Is 3931115 a prime number?
False
I